der when 52 is divided by s(l)?
16
Suppose -2*m - 3 + 33 = -3*w, -3*m = -w - 38. Let g(n) = -n**2 - 3*n + 215. Calculate the remainder when m is divided by g(13).
5
Let p = -7 - -18. Suppose 0 = 4*y, 5*y = 3*x - x - 40. What is the remainder when x is divided by p?
9
Let u = 40 - 18. Calculate the remainder when u is divided by 12.
10
Let q = -1 - -3. Suppose 4*a = -q*p + 54, 2*a = -4*p + 5*p + 37. Suppose 4*n + 3*v - 190 = 6*v, 6 = -3*v. What is the remainder when n is divided by a?
14
Let n(k) = -12*k. Suppose -2*u - 3*u = -95. What is the remainder when n(-3) is divided by u?
17
Let f(l) = 2*l**2 + 24*l - 5. What is the remainder when 102 is divided by f(-13)?
18
Let d(g) = -3*g**3 + 3*g**2 + 2. What is the remainder when d(-2) is divided by 13?
12
Let s be (-3 - 0)/((-2)/2). Suppose -s*w = -2*l - 2*l + 9, 5*w = 2*l - 1. Calculate the remainder when l is divided by 2.
1
Suppose 18 = -2*o + 5*o. Calculate the remainder when 16 is divided by o - 0/(4 + -2).
4
Let a be (-2 + -2)*2/(-4). Suppose -4*j = -3*f - 20 - 9, -a*j = f - 7. Suppose -2*i + j*i = 42. Calculate the remainder when 26 is divided by i.
12
Let i = 94 - 62. Calculate the remainder when i is divided by 18.
14
Suppose -7 = p - 4*q, -p + 2*q - 4*q + 23 = 0. Let b = 20 - p. Let h = -29 + 56. What is the remainder when h is divided by b?
6
Let l(a) = a**3 + 5*a**2 + 7. Let d = 4 - -9. Calculate the remainder when d is divided by l(-5).
6
Suppose i = -f - 20 + 64, 5*i - 94 = -2*f. What is the remainder when f is divided by 16?
10
Let f be 5*(-6)/(-1) + 0. Let o be f/(-8)*(-14 - -2). Suppose -q = s - 19, -5*q = 4*s - 51 - o. What is the remainder when 38 is divided by q?
18
Suppose 3*y = 4*q - 175, -2*q - 19 = 2*y - 103. Let n = 140 - 99. Suppose 3*f - n = 4. What is the remainder when q is divided by f?
13
Let q(b) = -3*b - 9. What is the remainder when q(-4) is divided by 3?
0
Let n(h) = -6*h**2 + 5*h - 16. Let s(w) = -7*w**2 + 6*w - 17. Let f(r) = -6*n(r) + 5*s(r). What is the remainder when 21 is divided by f(0)?
10
Suppose 5*d + 8 = -5*q + 48, -8 = -4*q + 2*d. Suppose 99*p = 102*p - 33. What is the remainder when p is divided by q?
3
What is the remainder when 13 is divided by 1/5 + 5*28/50?
1
Calculate the remainder when -2 + 3 + (11 - 1) is divided by 8.
3
Calculate the remainder when (23380/63)/5 - 4/18 is divided by 11.
8
Let o(c) = -30*c**2 + 11*c + 14. Let t(b) = -10*b**2 + 4*b + 5. Let r(k) = -4*o(k) + 11*t(k). What is the remainder when ((-50)/8)/(1/(-4)) is divided by r(-1)?
7
Let x(a) = a**3 - 6*a**2 + 5*a + 1. Let t(p) = -p. Let w be t(-5). What is the remainder when 1 is divided by x(w)?
0
What is the remainder when (-1 + -9)*(-1)/1 is divided by 3?
1
Suppose 0*v + 63 = 7*v. Calculate the remainder when 34 is divided by v.
7
Let b(k) = 5*k - 1. Let v(w) = -w**3 + 5*w**2 - 4*w + 1. Let x be v(4). Let j = x - -10. What is the remainder when j is divided by b(1)?
3
Suppose 5*q + p - 86 = 0, 2*q + 2*p + 2*p - 38 = 0. Calculate the remainder when (-99 + 1)/((-4)/2) is divided by q.
15
Let h be 12/36 - (-10)/6. Suppose -2*o - 2*y + 74 = 0, -h*o - y + 74 = 3*y. What is the remainder when o is divided by 13?
11
Suppose 0 = 2*k - 4, 4*b - 50 = -0*k + k. What is the remainder when 75 is divided by b?
10
Suppose -4*z - 3*z = -70. What is the remainder when 37 is divided by z?
7
Let z = 61 - 43. Let u = 19 - 19. Suppose u = 10*s - 11*s + 33. Calculate the remainder when s is divided by z.
15
Suppose -3*c = c - 68. Suppose -5*d - 3 = -28. What is the remainder when c is divided by d?
2
Suppose -c + 5*c - 2*u = -10, 35 = -5*c - 2*u. Let d = 2 + c. Calculate the remainder when 25 is divided by d/6 + 19/2.
7
Let z = -6 - -9. Calculate the remainder when 1*98*z/6 is divided by 13.
10
Suppose -5*l - 11 = 3*w, 2*w + 9 = -5*l - 0*w. Let q(i) = -i - 1. Let v be q(l). Suppose -12 = -2*s - v*s. Calculate the remainder when 16 is divided by s.
4
Let n(k) = -k**2 + 9*k - 8. Let u be n(7). Let z(c) = -4 + 5*c - u + 1. Calculate the remainder when 62 is divided by z(6).
20
Let c = 1 - -11. Let a be 2/8 - (-92)/16. What is the remainder when 4/a*69/2 is divided by c?
11
Suppose -s = s + b - 4, b - 10 = -4*s. Suppose 0*d + s*d - 12 = 0. Suppose -d*j = 4 - 16. What is the remainder when 4 is divided by j?
1
Suppose 7 = -f + 4*t - 2*t, -2*f + 2*t - 24 = 0. What is the remainder when ((-3)/(3/f))/1 is divided by (-99)/(-12) - 3/(-4)?
8
Suppose -8*r + 44 = 4*m - 4*r, -4*m + 52 = -4*r. What is the remainder when 22 is divided by m?
10
Let q(t) = 37*t - 71. Calculate the remainder when q(5) is divided by 0 + -1 + (2 - -28).
27
Let n(l) = -21*l - 11. Calculate the remainder when 92 is divided by n(-2).
30
Let c be (-3)/(-3 - (-225)/78). Suppose 0 = q - 3*t - 53, 3*q - 2*t - 139 = 2*t. Let a = q - c. What is the remainder when 44 is divided by a?
14
Suppose -4*b + 15 - 7 = 0. Suppose -4*q - 6 - 9 = l, 0 = b*l + q - 5. Let f(v) = -v**3 + v + 9. What is the remainder when f(0) is divided by l?
4
Suppose 3*f = x - 0*f - 36, 0 = -2*x + f + 57. Suppose 6*u - 5*u - 7 = 0. What is the remainder when x is divided by u?
6
Let a = 9 + -3. Calculate the remainder when 41 is divided by (-256)/(-18) + a/(-27).
13
Let n = -12 - -23. What is the remainder when 20 is divided by n?
9
Let c = -14 + 23. Let h = 19 + -14. Calculate the remainder when c is divided by h.
4
Suppose 4*f - 40 = -0*f. Let x be 3 + -1 + f/2. Let v = x - -5. Calculate the remainder when 23 is divided by v.
11
Let t(i) = i + 19 - 2*i + 0*i - 6. What is the remainder when t(0) is divided by 5?
3
Let p be ((-12)/(-8))/((-2)/(-4)). Suppose -o - x = -3*o - 7, -p*x = 9. Let l = -3 - o. Calculate the remainder when 5 is divided by l.
1
Suppose m = -5*m + 168. What is the remainder when 111 is divided by m?
27
Let w(g) = 34*g. Let h(u) = -u + 5. Let b be h(6). Let i(q) = -19*q**3 - 2*q**2 - q. Calculate the remainder when w(1) is divided by i(b).
16
Let h = 9 - -12. Calculate the remainder when h is divided by 6.
3
Let f be (-43)/(-9) + 4/18. Suppose -2*p - 26 = -4*y, 35 = -2*y + 7*y - f*p. Let w(o) = o + 1. What is the remainder when 13 is divided by w(y)?
6
Let x be -24*(2 - 1)/(-3). What is the remainder when 15 is divided by (-2)/x + 51/12?
3
Let l(x) = -28*x**3 - 2*x**2 - x - 1. Suppose 36 = -f + 5*f. What is the remainder when l(-1) is divided by f?
8
Calculate the remainder when (-3 - -7) + -1 + 50 is divided by 27.
26
Let l(k) = -4*k**3. Let z be l(1). Let d be 0 + (-1 - (-1 - 228)). What is the remainder when ((-2)/6)/(z/d) is divided by 11?
8
What is the remainder when 106*3/3 + 0 is divided by 18?
16
Let k = 11 - -44. Let s = 83 - k. Calculate the remainder when s is divided by 10.
8
Let g(c) = -2*c**3 + 2*c**2 - 2*c - 1. What is the remainder when 214 is divided by g(-2)?
25
Suppose 3*c + 2*c - 284 = -4*f, 5*f + 3*c = 355. What is the remainder when f is divided by 12?
11
Let i(m) = -m - 1. Let r(b) = -b**2 + 7*b + 24. Let c(j) = 6*i(j) + r(j). Calculate the remainder when c(0) is divided by 10.
8
Let u(q) be the second derivative of -q**5/20 + 7*q**4/12 - 4*q**2 - q. What is the remainder when u(6) is divided by (15/2)/((-41)/(-82))?
13
Suppose 113 = 4*d + r, 2*d - 4*r = 3*d - 47. Calculate the remainder when 49 is divided by d.
22
Let f = 27 - 24. Suppose -3 = -4*v - 2*k + 11, 4*k = -v + 14. Calculate the remainder when 37 is divided by (-38)/(-2)*(f - v).
18
Let k be -30*(-2 + 8/6). Let l(s) = -s**3 + 19*s**2 + 20*s + 14. Calculate the remainder when 38 is divided by l(k).
10
Let n(h) = 7*h**3 - 2*h. Let i be n(2). Let q = i + -33. Calculate the remainder when q is divided by 11.
8
Let u = -105 + 151. Calculate the remainder when u is divided by (24 + 0)*2/3.
14
Calculate the remainder when 43 is divided by (-33)/2*10/(-15).
10
Calculate the remainder when 32 is divided by ((-8)/(-6))/((-40)/(-540)).
14
Suppose -2*q = q - 9. Let h = 6 - 2. What is the remainder when q is divided by (-6)/(-4)*h/3?
1
Suppose 0 = -3*j - j - 2*x + 42, 39 = 4*j + 3*x. Suppose -8 = -2*a - 2*a - b, -3*b = j. Suppose a + 57 = 5*f. What is the remainder when 33 is divided by f?
9
Calculate the remainder when 9/(0/7 - (-1)/3) is divided by 6.
3
Let i(k) = -34*k + 3. Let s be i(-3). Suppose -2*a = 3*a - s. Calculate the remainder when 62 is divided by a.
20
Suppose